{"id":265,"date":"2015-11-21T13:02:37","date_gmt":"2015-11-21T12:02:37","guid":{"rendered":"https:\/\/visvis.forskningsnatet.se\/?page_id=265"},"modified":"2015-11-21T13:02:37","modified_gmt":"2015-11-21T12:02:37","slug":"rickard-hakansson","status":"publish","type":"page","link":"https:\/\/visvis.forskningsnatet.se\/index.php\/vi-ar-vis-larare\/rickard-hakansson\/","title":{"rendered":"Rickard H\u00e5kansson"},"content":{"rendered":"<p><img loading=\"lazy\" decoding=\"async\" class=\"alignleft size-full wp-image-179\" src=\"https:\/\/visvis.forskningsnatet.se\/wp-content\/uploads\/2015\/08\/rickard_h\u00e5kanson.jpg\" alt=\"rickard_h\u00e5kanson\" width=\"160\" height=\"200\" \/><\/p>\n<p><strong>licentiand<\/strong><\/p>\n<p><strong>Grundskoll\u00e4rare<br \/>\n<\/strong><\/p>\n<p><strong>Undervisat i<\/strong> idrott och h\u00e4lsa i grundskolan i 10 \u00e5r. Arbetar just nu med utveckling av \u00e4mnet idrott och h\u00e4lsa gentemot idrottsl\u00e4rarna i Kristianstads kommun.<\/p>\n<p><strong>Forskningsf\u00e4lt:<\/strong> Idrott och h\u00e4lsas didaktik %u2013 utveckling av undervisningsmetoder, bed\u00f6mning och betygs\u00e4ttning mot den nya kursplanen i idrott och h\u00e4lsa Lgr 11. Dokumentation i \u00e4mnet idrott och h\u00e4lsa.<\/p>\n<p><strong>Projekt jag deltar i:<\/strong> Samtalsledare f\u00f6r m\u00e5l och bed\u00f6mningsprojektet inom Kristianstads kommun 2008-2011 samt implementeringsarbetet av Lgr 11 idrott och h\u00e4lsa.<\/p>\n<ul>\n<li>Utvecklingsprojekt %u2013 Elever med funktionshinder i idrottsundervisningen, Kristianstads kommun VT- 13<\/li>\n<li>Utvecklingsprojekt %u2013 Friluftsliv i idrottsundervisningen, Kristianstads kommun HT-13<\/li>\n<\/ul>\n<p>&nbsp;<\/p>\n","protected":false},"excerpt":{"rendered":"<p>licentiand Grundskoll\u00e4rare Undervisat i idrott och h\u00e4lsa i grundskolan i 10 \u00e5r. Arbetar just nu med utveckling av \u00e4mnet idrott och h\u00e4lsa gentemot idrottsl\u00e4rarna i Kristianstads kommun. Forskningsf\u00e4lt: Idrott och h\u00e4lsas didaktik %u2013 utveckling av undervisningsmetoder, bed\u00f6mning och betygs\u00e4ttning mot den nya kursplanen i idrott och h\u00e4lsa Lgr 11. Dokumentation i \u00e4mnet idrott och h\u00e4lsa. [&hellip;]<\/p>\n","protected":false},"author":1,"featured_media":0,"parent":12,"menu_order":0,"comment_status":"closed","ping_status":"closed","template":"","meta":{"footnotes":""},"class_list":["post-265","page","type-page","status-publish","czr-hentry"],"_links":{"self":[{"href":"https:\/\/visvis.forskningsnatet.se\/index.php\/wp-json\/wp\/v2\/pages\/265","targetHints":{"allow":["GET"]}}],"collection":[{"href":"https:\/\/visvis.forskningsnatet.se\/index.php\/wp-json\/wp\/v2\/pages"}],"about":[{"href":"https:\/\/visvis.forskningsnatet.se\/index.php\/wp-json\/wp\/v2\/types\/page"}],"author":[{"embeddable":true,"href":"https:\/\/visvis.forskningsnatet.se\/index.php\/wp-json\/wp\/v2\/users\/1"}],"replies":[{"embeddable":true,"href":"https:\/\/visvis.forskningsnatet.se\/index.php\/wp-json\/wp\/v2\/comments?post=265"}],"version-history":[{"count":1,"href":"https:\/\/visvis.forskningsnatet.se\/index.php\/wp-json\/wp\/v2\/pages\/265\/revisions"}],"predecessor-version":[{"id":266,"href":"https:\/\/visvis.forskningsnatet.se\/index.php\/wp-json\/wp\/v2\/pages\/265\/revisions\/266"}],"up":[{"embeddable":true,"href":"https:\/\/visvis.forskningsnatet.se\/index.php\/wp-json\/wp\/v2\/pages\/12"}],"wp:attachment":[{"href":"https:\/\/visvis.forskningsnatet.se\/index.php\/wp-json\/wp\/v2\/media?parent=265"}],"curies":[{"name":"wp","href":"https:\/\/api.w.org\/{rel}","templated":true}]}}