{"id":284,"date":"2015-11-21T15:15:53","date_gmt":"2015-11-21T14:15:53","guid":{"rendered":"https:\/\/visvis.forskningsnatet.se\/?page_id=284"},"modified":"2016-06-01T20:18:22","modified_gmt":"2016-06-01T18:18:22","slug":"adriana-sturesson","status":"publish","type":"page","link":"https:\/\/visvis.forskningsnatet.se\/index.php\/vi-ar-vis-larare\/adriana-sturesson\/","title":{"rendered":"Adriana Sturesson"},"content":{"rendered":"<p><img loading=\"lazy\" decoding=\"async\" class=\"size-full wp-image-190 alignleft\" src=\"https:\/\/visvis.forskningsnatet.se\/wp-content\/uploads\/2015\/11\/adriana_sturesson.jpg\" alt=\"adriana_sturesson\" width=\"160\" height=\"200\" \/><\/p>\n<p><strong>fil lic<\/strong><\/p>\n<p><strong>Gymnasiel\u00e4rare i<\/strong> spanska och engelska<\/p>\n<p><strong>Forskningsf\u00e4lt:<\/strong> Projektbaserat l\u00e4rande i spanskundervisning<\/p>\n<p><strong>Projekt jag deltar i: <\/strong><br \/>\nNyckelperson i implementeringen av lgr 11 i Svedala kommun<\/p>\n<p>L\u00e4rarf\u00f6rbundets referensorgan f\u00f6r likabehandling och m\u00e5ngfald<\/p>\n<p><strong>Publikationer:<\/strong><br \/>\n<a href=\"http:\/\/goo.gl\/Ex8OjO\">Maya indianernas utbildningssystem och dess nutida bidrag Universidad Panamericana;\u00a0 M\u00e9xico D.F; Facultad de Pedagog\u00eda; 1996<\/a><br \/>\n<a href=\"http:\/\/goo.gl\/8im0dh\">Projektbaserat l\u00e4rande i undervisningen av spanska som modernt spr\u00e5k p\u00e5\u00a0 grundskoleniv\u00e5 i Sverige Universidad Panamericana; M\u00e9xico D.F.; Facultad de Pedagog\u00eda; 2011<\/a><br \/>\nTill\u00e4mpligheten av projektbaserat l\u00e4rande i spanskundervisning Revista Hispanista Escandinava; Lunds Universitet; Romanska insitutionen; pp. 91-102; 2012. L\u00e4nk:<a href=\"http:\/\/goo.gl\/vxBGgt\"> http:\/\/goo.gl\/vxBGgt<\/a><\/p>\n","protected":false},"excerpt":{"rendered":"<p>fil lic Gymnasiel\u00e4rare i spanska och engelska Forskningsf\u00e4lt: Projektbaserat l\u00e4rande i spanskundervisning Projekt jag deltar i: Nyckelperson i implementeringen av lgr 11 i Svedala kommun L\u00e4rarf\u00f6rbundets referensorgan f\u00f6r likabehandling och m\u00e5ngfald Publikationer: Maya indianernas utbildningssystem och dess nutida bidrag Universidad Panamericana;\u00a0 M\u00e9xico D.F; Facultad de Pedagog\u00eda; 1996 Projektbaserat l\u00e4rande i undervisningen av spanska som modernt [&hellip;]<\/p>\n","protected":false},"author":1,"featured_media":0,"parent":12,"menu_order":0,"comment_status":"closed","ping_status":"closed","template":"","meta":{"footnotes":""},"class_list":["post-284","page","type-page","status-publish","czr-hentry"],"_links":{"self":[{"href":"https:\/\/visvis.forskningsnatet.se\/index.php\/wp-json\/wp\/v2\/pages\/284","targetHints":{"allow":["GET"]}}],"collection":[{"href":"https:\/\/visvis.forskningsnatet.se\/index.php\/wp-json\/wp\/v2\/pages"}],"about":[{"href":"https:\/\/visvis.forskningsnatet.se\/index.php\/wp-json\/wp\/v2\/types\/page"}],"author":[{"embeddable":true,"href":"https:\/\/visvis.forskningsnatet.se\/index.php\/wp-json\/wp\/v2\/users\/1"}],"replies":[{"embeddable":true,"href":"https:\/\/visvis.forskningsnatet.se\/index.php\/wp-json\/wp\/v2\/comments?post=284"}],"version-history":[{"count":6,"href":"https:\/\/visvis.forskningsnatet.se\/index.php\/wp-json\/wp\/v2\/pages\/284\/revisions"}],"predecessor-version":[{"id":503,"href":"https:\/\/visvis.forskningsnatet.se\/index.php\/wp-json\/wp\/v2\/pages\/284\/revisions\/503"}],"up":[{"embeddable":true,"href":"https:\/\/visvis.forskningsnatet.se\/index.php\/wp-json\/wp\/v2\/pages\/12"}],"wp:attachment":[{"href":"https:\/\/visvis.forskningsnatet.se\/index.php\/wp-json\/wp\/v2\/media?parent=284"}],"curies":[{"name":"wp","href":"https:\/\/api.w.org\/{rel}","templated":true}]}}