{"id":417,"date":"2016-02-04T20:29:29","date_gmt":"2016-02-04T19:29:29","guid":{"rendered":"https:\/\/visvis.forskningsnatet.se\/?page_id=417"},"modified":"2018-02-16T09:59:12","modified_gmt":"2018-02-16T08:59:12","slug":"kemi-i-forskolan","status":"publish","type":"page","link":"https:\/\/visvis.forskningsnatet.se\/index.php\/detta-erbjuder-vi\/oppna-aktiviteter\/kemi-i-forskolan\/","title":{"rendered":"&#8211; Kemi i f\u00f6rskolan"},"content":{"rendered":"<h2>Experimentell kurs i kemi f\u00f6r f\u00f6rskoll\u00e4rare<\/h2>\n<p><strong>L\u00e4r dig g\u00f6ra enkla, roliga kemiexperiment\u00a0tillsammans med barnen p\u00e5 f\u00f6rskolan<\/strong><\/p>\n<p>I v\u00e5rt arbete har vi m\u00f6tt f\u00f6rskoll\u00e4rare som b\u00e5de uttryckt behov och intresse f\u00f6r riktad fortbildning i kemi. F\u00f6rskoll\u00e4rarna har framf\u00f6rallt efterfr\u00e5gat konkreta exempel p\u00e5 experiment som kan genomf\u00f6ras tillsammans med barnen och som \u00e4r anpassade efter de olika \u00e5ldersgrupperna.<\/p>\n<p>Vi erbjuder d\u00e4rf\u00f6r en experimentell kurs i kemi f\u00f6r f\u00f6rskoll\u00e4rare, och erbjuder kursen i hemkommunen eller p\u00e5 en plats n\u00e4ra kursdeltagarna.<\/p>\n<p><strong>Kursen inneh\u00e5ller:<\/strong><\/p>\n<ul>\n<li>allm\u00e4n introduktion med f\u00f6rankring i l\u00e4roplan och forskning<\/li>\n<li>demonstrationer med f\u00f6rklaringar av enkla experiment som kan genomf\u00f6ras tillsammans med barn p\u00e5 f\u00f6rskolan (inga f\u00f6rkunskaper i kemi kr\u00e4vs)<\/li>\n<li>tillf\u00e4llen att tr\u00e4na p\u00e5 att utf\u00f6ra flera olika enkla experiment i sm\u00e5grupper och att diskutera vad som h\u00e4nder och varf\u00f6r<\/li>\n<li>tillf\u00e4llen att dela med sig av egna erfarenheter och ta del av andra f\u00f6rskoll\u00e4rares erfarenheter<\/li>\n<li>kursmaterial, bland annat boken \u201dAmanda, Lovisa och Tage experimenterar\u201d av Marianne Almstr\u00f6m (kursledare), Eva Martinsson och Camilla Christensson (kursledare) med beskrivning av 25 experiment anpassade f\u00f6r barn i f\u00f6rskole\u00e5ldern<\/li>\n<li>intyg p\u00e5 genomg\u00e5ngen kursp\u00e5 en plats<\/li>\n<\/ul>\n<p><strong>Plats:<\/strong>\u00a0En plats n\u00e4ra kursdeltagarna<\/p>\n<p><strong>Datum f\u00f6r tr\u00e4ffar:<\/strong>\u00a0enligt \u00f6verenskommelse med kursledarna<\/p>\n<p><strong>Kostnad:<\/strong>\u00a0enl \u00f6verenskommelse<\/p>\n<p>OBS: Antalet platser \u00e4r begr\u00e4nsat till 20.<\/p>\n<p><a href=\"mailto:maria.brannstrom@visvis.se\" target=\"_blank\" rel=\"noopener\">Kontakta Maria Br\u00e4nnstr\u00f6m, VIS verksamhetsledare, maria.brannstrom@visvis.se<\/a><\/p>\n<p>&nbsp;<\/p>\n<p>&nbsp;<\/p>\n","protected":false},"excerpt":{"rendered":"<p>Experimentell kurs i kemi f\u00f6r f\u00f6rskoll\u00e4rare L\u00e4r dig g\u00f6ra enkla, roliga kemiexperiment\u00a0tillsammans med barnen p\u00e5 f\u00f6rskolan I v\u00e5rt arbete har vi m\u00f6tt f\u00f6rskoll\u00e4rare som b\u00e5de uttryckt behov och intresse f\u00f6r riktad fortbildning i kemi. F\u00f6rskoll\u00e4rarna har framf\u00f6rallt efterfr\u00e5gat konkreta exempel p\u00e5 experiment som kan genomf\u00f6ras tillsammans med barnen och som \u00e4r anpassade efter de olika [&hellip;]<\/p>\n","protected":false},"author":1,"featured_media":0,"parent":387,"menu_order":0,"comment_status":"closed","ping_status":"closed","template":"","meta":{"footnotes":""},"class_list":["post-417","page","type-page","status-publish","czr-hentry"],"_links":{"self":[{"href":"https:\/\/visvis.forskningsnatet.se\/index.php\/wp-json\/wp\/v2\/pages\/417","targetHints":{"allow":["GET"]}}],"collection":[{"href":"https:\/\/visvis.forskningsnatet.se\/index.php\/wp-json\/wp\/v2\/pages"}],"about":[{"href":"https:\/\/visvis.forskningsnatet.se\/index.php\/wp-json\/wp\/v2\/types\/page"}],"author":[{"embeddable":true,"href":"https:\/\/visvis.forskningsnatet.se\/index.php\/wp-json\/wp\/v2\/users\/1"}],"replies":[{"embeddable":true,"href":"https:\/\/visvis.forskningsnatet.se\/index.php\/wp-json\/wp\/v2\/comments?post=417"}],"version-history":[{"count":12,"href":"https:\/\/visvis.forskningsnatet.se\/index.php\/wp-json\/wp\/v2\/pages\/417\/revisions"}],"predecessor-version":[{"id":831,"href":"https:\/\/visvis.forskningsnatet.se\/index.php\/wp-json\/wp\/v2\/pages\/417\/revisions\/831"}],"up":[{"embeddable":true,"href":"https:\/\/visvis.forskningsnatet.se\/index.php\/wp-json\/wp\/v2\/pages\/387"}],"wp:attachment":[{"href":"https:\/\/visvis.forskningsnatet.se\/index.php\/wp-json\/wp\/v2\/media?parent=417"}],"curies":[{"name":"wp","href":"https:\/\/api.w.org\/{rel}","templated":true}]}}