{"id":480,"date":"2020-11-24T13:59:00","date_gmt":"2020-11-24T12:59:00","guid":{"rendered":"https:\/\/visvis.forskningsnatet.se\/?page_id=480"},"modified":"2023-03-27T15:24:26","modified_gmt":"2023-03-27T13:24:26","slug":"aktuellt","status":"publish","type":"page","link":"https:\/\/visvis.forskningsnatet.se\/index.php\/aktuellt\/","title":{"rendered":"VIS-kalendariet"},"content":{"rendered":"\n<div class=\"wp-block-columns is-layout-flex wp-container-core-columns-is-layout-9d6595d7 wp-block-columns-is-layout-flex\">\n<div class=\"wp-block-column is-layout-flow wp-block-column-is-layout-flow\" style=\"flex-basis:100%\">\n<div class=\"wp-block-group\"><div class=\"wp-block-group__inner-container is-layout-flow wp-block-group-is-layout-flow\">\n<p><img loading=\"lazy\" decoding=\"async\" class=\"alignleft size-large wp-image-2738\" src=\"https:\/\/visvis.forskningsnatet.se\/wp-content\/uploads\/2022\/05\/vis-kalendariet-1024x394.jpg\" alt=\"\" width=\"1024\" height=\"394\" srcset=\"https:\/\/visvis.forskningsnatet.se\/wp-content\/uploads\/2022\/05\/vis-kalendariet-1024x394.jpg 1024w, https:\/\/visvis.forskningsnatet.se\/wp-content\/uploads\/2022\/05\/vis-kalendariet-300x116.jpg 300w, https:\/\/visvis.forskningsnatet.se\/wp-content\/uploads\/2022\/05\/vis-kalendariet-768x296.jpg 768w, https:\/\/visvis.forskningsnatet.se\/wp-content\/uploads\/2022\/05\/vis-kalendariet.jpg 1280w\" sizes=\"auto, (max-width: 1024px) 100vw, 1024px\" \/><\/p>\n<p>I kalendariet presenteras kontinuerligt VIS och andras evenemang, utbildningar mm. Ta\u00a0 ocks\u00e5\u00a0 en titt p\u00e5 <a href=\"https:\/\/visvis.forskningsnatet.se\/\">Nya inl\u00e4gg<\/a>\u00a0p\u00e5 startsidan. Du hittar <a href=\"https:\/\/www.facebook.com\/VIS-Vetenskap-i-Skolan-1853674644882927\" target=\"_blank\" rel=\"noopener noreferrer\">mer om VIS aktiviteter \u00e4ven p\u00e5 FaceBook<\/a> .<\/p>\n<hr \/>\n\n\n\n<p><span style=\"font-size: revert; color: initial;\"><\/span><\/p>\n\n\n\n<p><\/p>\n<\/div><\/div>\n<\/div>\n<\/div>\n","protected":false},"excerpt":{"rendered":"<p>I kalendariet presenteras kontinuerligt VIS och andras evenemang, utbildningar mm. Ta\u00a0 ocks\u00e5\u00a0 en titt p\u00e5 Nya inl\u00e4gg\u00a0p\u00e5 startsidan. Du hittar mer om VIS aktiviteter \u00e4ven p\u00e5 FaceBook .<\/p>\n","protected":false},"author":1,"featured_media":1052,"parent":0,"menu_order":0,"comment_status":"closed","ping_status":"closed","template":"","meta":{"footnotes":""},"class_list":["post-480","page","type-page","status-publish","has-post-thumbnail","czr-hentry"],"_links":{"self":[{"href":"https:\/\/visvis.forskningsnatet.se\/index.php\/wp-json\/wp\/v2\/pages\/480","targetHints":{"allow":["GET"]}}],"collection":[{"href":"https:\/\/visvis.forskningsnatet.se\/index.php\/wp-json\/wp\/v2\/pages"}],"about":[{"href":"https:\/\/visvis.forskningsnatet.se\/index.php\/wp-json\/wp\/v2\/types\/page"}],"author":[{"embeddable":true,"href":"https:\/\/visvis.forskningsnatet.se\/index.php\/wp-json\/wp\/v2\/users\/1"}],"replies":[{"embeddable":true,"href":"https:\/\/visvis.forskningsnatet.se\/index.php\/wp-json\/wp\/v2\/comments?post=480"}],"version-history":[{"count":289,"href":"https:\/\/visvis.forskningsnatet.se\/index.php\/wp-json\/wp\/v2\/pages\/480\/revisions"}],"predecessor-version":[{"id":2885,"href":"https:\/\/visvis.forskningsnatet.se\/index.php\/wp-json\/wp\/v2\/pages\/480\/revisions\/2885"}],"wp:featuredmedia":[{"embeddable":true,"href":"https:\/\/visvis.forskningsnatet.se\/index.php\/wp-json\/wp\/v2\/media\/1052"}],"wp:attachment":[{"href":"https:\/\/visvis.forskningsnatet.se\/index.php\/wp-json\/wp\/v2\/media?parent=480"}],"curies":[{"name":"wp","href":"https:\/\/api.w.org\/{rel}","templated":true}]}}