{"id":530,"date":"2016-06-19T23:00:54","date_gmt":"2016-06-19T21:00:54","guid":{"rendered":"https:\/\/visvis.forskningsnatet.se\/?page_id=530"},"modified":"2017-02-18T13:33:58","modified_gmt":"2017-02-18T12:33:58","slug":"vi-samarbetar-med-vis","status":"publish","type":"page","link":"https:\/\/visvis.forskningsnatet.se\/index.php\/om-oss\/vi-samarbetar-med-vis\/","title":{"rendered":"VIS samarbetar med"},"content":{"rendered":"<div id=\"attachment_695\" style=\"width: 427px\" class=\"wp-caption alignleft\"><img loading=\"lazy\" decoding=\"async\" aria-describedby=\"caption-attachment-695\" class=\"wp-image-695 \" src=\"https:\/\/visvis.forskningsnatet.se\/wp-content\/uploads\/2017\/02\/VIS-samarbete-170126-300x225.jpg\" alt=\"VIS samarbete 170126\" width=\"417\" height=\"313\" srcset=\"https:\/\/visvis.forskningsnatet.se\/wp-content\/uploads\/2017\/02\/VIS-samarbete-170126-300x225.jpg 300w, https:\/\/visvis.forskningsnatet.se\/wp-content\/uploads\/2017\/02\/VIS-samarbete-170126.jpg 720w\" sizes=\"auto, (max-width: 417px) 100vw, 417px\" \/><p id=\"caption-attachment-695\" class=\"wp-caption-text\">VIS samarbetar med kommuner, skolor, f\u00f6retag och andra akt\u00f6rer, fr\u00e4mst i Sk\u00e5ne.<\/p><\/div>\n<h3><\/h3>\n","protected":false},"excerpt":{"rendered":"","protected":false},"author":1,"featured_media":695,"parent":53,"menu_order":0,"comment_status":"closed","ping_status":"closed","template":"","meta":{"footnotes":""},"class_list":["post-530","page","type-page","status-publish","has-post-thumbnail","czr-hentry"],"_links":{"self":[{"href":"https:\/\/visvis.forskningsnatet.se\/index.php\/wp-json\/wp\/v2\/pages\/530","targetHints":{"allow":["GET"]}}],"collection":[{"href":"https:\/\/visvis.forskningsnatet.se\/index.php\/wp-json\/wp\/v2\/pages"}],"about":[{"href":"https:\/\/visvis.forskningsnatet.se\/index.php\/wp-json\/wp\/v2\/types\/page"}],"author":[{"embeddable":true,"href":"https:\/\/visvis.forskningsnatet.se\/index.php\/wp-json\/wp\/v2\/users\/1"}],"replies":[{"embeddable":true,"href":"https:\/\/visvis.forskningsnatet.se\/index.php\/wp-json\/wp\/v2\/comments?post=530"}],"version-history":[{"count":13,"href":"https:\/\/visvis.forskningsnatet.se\/index.php\/wp-json\/wp\/v2\/pages\/530\/revisions"}],"predecessor-version":[{"id":697,"href":"https:\/\/visvis.forskningsnatet.se\/index.php\/wp-json\/wp\/v2\/pages\/530\/revisions\/697"}],"up":[{"embeddable":true,"href":"https:\/\/visvis.forskningsnatet.se\/index.php\/wp-json\/wp\/v2\/pages\/53"}],"wp:featuredmedia":[{"embeddable":true,"href":"https:\/\/visvis.forskningsnatet.se\/index.php\/wp-json\/wp\/v2\/media\/695"}],"wp:attachment":[{"href":"https:\/\/visvis.forskningsnatet.se\/index.php\/wp-json\/wp\/v2\/media?parent=530"}],"curies":[{"name":"wp","href":"https:\/\/api.w.org\/{rel}","templated":true}]}}